is the greatest common factor of 84062 and 99?
11
What is the greatest common divisor of 34092 and 36?
36
What is the highest common divisor of 2793 and 784?
49
What is the highest common divisor of 27775 and 2200?
275
What is the greatest common factor of 388152 and 60?
12
What is the highest common factor of 873 and 3350574?
873
What is the greatest common divisor of 20680 and 550?
110
Calculate the greatest common divisor of 1216 and 2356.
76
Calculate the highest common divisor of 1056 and 20208.
48
What is the greatest common factor of 188363 and 379?
379
What is the highest common divisor of 344 and 418648?
344
What is the highest common factor of 7999 and 304?
19
What is the highest common factor of 39 and 593866?
13
Calculate the greatest common factor of 579 and 59637.
579
What is the greatest common divisor of 9150 and 975?
75
What is the highest common factor of 365 and 5632680?
365
Calculate the greatest common factor of 3025 and 22825.
275
What is the highest common divisor of 90076 and 28?
28
What is the greatest common factor of 587022 and 3178?
454
Calculate the highest common divisor of 28404 and 7632.
36
Calculate the greatest common divisor of 4123 and 491939.
217
Calculate the highest common divisor of 57 and 57.
57
What is the highest common factor of 4383 and 74024?
487
What is the highest common factor of 1253 and 3329221?
1253
Calculate the highest common divisor of 194445 and 1566.
261
Calculate the greatest common divisor of 3308820 and 30.
30
Calculate the highest common divisor of 13952 and 1199.
109
What is the greatest common divisor of 1263 and 1642742?
421
Calculate the highest common factor of 455514 and 12.
6
Calculate the highest common divisor of 7858294 and 214.
214
Calculate the greatest common divisor of 284145 and 3135.
285
What is the highest common factor of 173247 and 1462?
731
What is the highest common factor of 147568 and 368?
368
What is the highest common divisor of 4900 and 2660?
140
What is the highest common factor of 1024 and 10345472?
1024
Calculate the highest common factor of 1009222 and 34.
34
Calculate the greatest common factor of 745 and 22201.
149
What is the highest common factor of 185 and 73408?
37
Calculate the highest common divisor of 1296 and 216144.
144
Calculate the greatest common factor of 16440 and 1200.
120
Calculate the greatest common divisor of 50 and 6787150.
50
Calculate the greatest common factor of 1118 and 1222.
26
Calculate the highest common factor of 59536 and 11590.
122
What is the greatest common factor of 2518224 and 1104?
1104
What is the greatest common divisor of 187 and 3883?
11
What is the greatest common factor of 5012 and 84?
28
What is the highest common divisor of 64 and 1108?
4
What is the highest common factor of 189 and 211806?
63
What is the highest common divisor of 579348 and 504?
252
Calculate the highest common divisor of 51068 and 255.
17
What is the greatest common divisor of 34320 and 74490?
390
Calculate the greatest common divisor of 3732 and 396.
12
What is the greatest common factor of 464 and 2024838?
58
What is the highest common divisor of 6020 and 1480?
20
Calculate the greatest common divisor of 3070 and 9710.
10
Calculate the greatest common divisor of 728 and 8827.
91
What is the greatest common factor of 215735 and 3185?
65
Calculate the highest common factor of 989 and 5203.
43
Calculate the greatest common divisor of 4968 and 9384.
552
Calculate the highest common divisor of 16506 and 546.
42
Calculate the highest common factor of 69 and 833037.
69
Calculate the greatest common factor of 325542 and 1869.
21
What is the greatest common factor of 345 and 1880?
5
Calculate the greatest common divisor of 240 and 624088.
8
What is the greatest common factor of 8586 and 1325?
53
Calculate the greatest common divisor of 26 and 418366.
26
Calculate the greatest common factor of 8520 and 142.
142
Calculate the greatest common factor of 259738 and 122.
122
Calculate the highest common divisor of 772 and 1152.
4
What is the greatest common factor of 2535 and 390?
195
Calculate the highest common divisor of 45696 and 16.
16
What is the highest common divisor of 784000 and 4640?
160
Calculate the greatest common factor of 21 and 37751.
7
Calculate the highest common factor of 9 and 60351.
3
Calculate the highest common divisor of 12675 and 1859.
169
Calculate the highest common divisor of 1332 and 89688.
444
What is the highest common factor of 5908812 and 24?
12
What is the highest common factor of 27 and 54?
27
What is the highest common divisor of 9836623 and 19?
19
Calculate the greatest common factor of 1324296 and 8.
8
What is the highest common factor of 5691 and 19783?
271
Calculate the highest common divisor of 80162 and 538.
538
Calculate the greatest common divisor of 1635 and 1462998.
327
What is the highest common factor of 30208 and 649?
59
What is the highest common divisor of 757648 and 10?
2
Calculate the greatest common divisor of 275743 and 533.
13
Calculate the greatest common divisor of 6240 and 2760.
120
Calculate the highest common divisor of 83781 and 87.
87
What is the greatest common factor of 280 and 1811180?
140
Calculate the greatest common factor of 110 and 55605.
55
Calculate the greatest common factor of 296383 and 4765.
953
Calculate the greatest common divisor of 127092 and 588.
84
Calculate the greatest common divisor of 18944 and 111.
37
Calculate the greatest common factor of 76868 and 198.
22
Calculate the greatest common factor of 1250 and 7040.
10
What is the highest common factor of 42588 and 9100?
364
Calculate the greatest common factor of 4261801 and 83.
83
What is the highest common divisor of 356535 and 27?
27
Calculate the highest common divisor of 247 and 418912.
247
Calculate the greatest common divisor of 371 and 23903.
53
Calculate the highest common divisor of 16671 and 12.
3
Calculate the highest common factor of 6 and 16158.
6
Calculate the highest common factor of 70650 and 1800.
450
What is the greatest common divisor of 40982 and 577714?
1322
What is the greatest common divisor of 1105949 and 2169?
241
What is the greatest common divisor of 580097 and 14?
7
What is the greatest common divisor of 16695 and 378?
63
What is the greatest common factor of 25 and 311300?
25
Calculate the highest common factor of 1334 and 1058.
46
What is the greatest common divisor of 1824 and 13656?
24
What is the greatest common factor of 15647 and 90?
1
Calculate the highest common factor of 3110 and 56960.
10
Calculate the greatest common factor of 1183 and 19981.
13
What is the highest common factor of 56 and 3269?
7
Calculate the greatest common factor of 68800 and 2560.
320
Calculate the greatest common divisor of 562409 and 1.
1
What is the greatest common factor of 3468 and 86122?
578
Calculate the highest common factor of 810 and 164214.
54
What is the highest common divisor of 213550 and 3350?
50
Calculate the highest common divisor of 8 and 925128.
8
Calculate the highest common factor of 937110 and 480.
30
Calculate the greatest common factor of 30 and 74775.
15
Calculate the greatest common factor of 14754 and 120.
6
Calculate the highest common factor of 238241 and 19.
19
What is the greatest common divisor of 487170 and 198?
18
What is the highest common factor of 30107 and 561?
187
Calculate the highest common factor of 9376 and 14.
2
What is the highest common factor of 1813 and 4329?
37
Calculate the highest common factor of 2048 and 248.
8
What is the highest common factor of 744 and 37632?
24
What is the highest common factor of 87 and 1306247?
29
Calculate the greatest common factor of 920 and 75900.
460
What is the highest common divisor of 24 and 11235948?
12
What is the highest common factor of 1888 and 37524?
236
Calculate the highest common factor of 195221 and 13.
13
What is the greatest common divisor of 24360 and 2280?
120
Calculate the highest common factor of 19220 and 130.
10
What is the greatest common factor of 34080 and 2720?
160
Calculate the highest common divisor of 6 and 31254.
6
What is the highest common divisor of 2625 and 357?
21
Calculate the highest common factor of 1036 and 1841.
7
Calculate the highest common divisor of 162652 and 314.
314
What is the 